t common divisor of 44 and d.
22
Suppose -111 + 11 = -5*t. Calculate the highest common factor of t and 10.
10
Let v(i) = -9*i - 2. Suppose 4 = -2*j - 2. Let x be v(j). Let o = x - -38. What is the highest common factor of o and 7?
7
Suppose -6*j = -2*j. Suppose -4*k + j*k = -60. Calculate the highest common factor of k and 75.
15
Let g = -13 - -1. Let b be (-5)/15*g/2. Suppose -f = 3, -z - 5 + 0 = b*f. What is the highest common divisor of 1 and z?
1
Let s(z) = 4*z + 24. Let x(p) = -11*p - 72. Let h(c) = -8*s(c) - 3*x(c). Let y be h(0). What is the highest common factor of 3 and y?
3
Suppose r - 26 = c, 4*r + 0*r = 2*c + 108. Calculate the greatest common factor of r and 70.
14
Let v be 4 - 3 - 4/(-1). Suppose -v*x + 135 = -4*x. Suppose 4*p + 0*z - 75 = -3*z, -4*z - 10 = -2*p. What is the highest common divisor of p and x?
15
Let w(h) = -h - 1. Let p be w(-2). Let a(f) be the second derivative of 2*f**3 - f**2/2 - f. Let s be a(p). What is the highest common divisor of 11 and s?
11
Suppose -f + 299 = 5*y, -4*y + 3*f = f - 242. What is the greatest common divisor of 80 and y?
20
Let w(c) be the first derivative of c**3/3 - 5*c**2 + 4*c - 1. Let u be (-13 - -11)*(0 + -5). Let x be w(u). Calculate the highest common factor of 20 and x.
4
Let d(c) = -c**3 + 5*c**2 - 3*c - 1. Let v be d(4). Suppose -v*x + 19 = -23. What is the greatest common factor of 126 and x?
14
Let b = 1 + -1. Suppose -n = 5*v - 3*n - 85, -v - 2*n + 5 = b. Let c = -39 + 174. Calculate the highest common factor of v and c.
15
Let u(c) = -3*c + 3. Let y be u(-9). Suppose y = -2*x - 68. Let m = 1 - x. What is the greatest common factor of m and 10?
10
Let r(t) = 5*t + 6. Let w be -1 + -2 + 7 + 2. Let l be r(w). What is the highest common divisor of 90 and l?
18
Let w be (-3)/5 + (-6)/(-10). Let x(q) = q**3 + q + 14. Let g be x(w). What is the greatest common factor of 42 and g?
14
Suppose -4*m - 2*g - g + 36 = 0, -2*g = -3*m + 10. Let o be (-39)/(-2) - 1/2. Let l = o + -10. What is the highest common factor of l and m?
3
Suppose -4*h = -3*h + 3. Let f be ((-1)/(-3))/(h/(-27)). Suppose 0 = -2*k - 0*k - q + 18, -f*k = 2*q - 25. Calculate the greatest common divisor of k and 99.
11
Suppose -4*i + 5*m = -77, -106 = i - 6*i + 3*m. What is the greatest common factor of 115 and i?
23
Let y be (1 + 0 - -1) + 2. Let z(l) = 2*l**3 - 3*l**2 - 5*l + 5. Let x be z(y). Suppose 0*c = 5*c - x. What is the highest common divisor of c and 13?
13
Let v be 4*9/12 - -9. Suppose 120 = -0*a + a. Suppose -a = -3*g - g. What is the greatest common divisor of v and g?
6
Let f(z) = 4*z**3 + z**2. Let a(k) = k**3 + 1. Let o(t) = a(t) - f(t). Let j be o(-1). Calculate the greatest common divisor of j and 9.
3
Let r(s) = s**2 - 3*s. Let t be r(-1). What is the highest common divisor of t and 60?
4
Let j = 45 + 35. What is the greatest common factor of 5 and j?
5
Suppose 6 + 3 = 3*h. What is the greatest common factor of 27 and h?
3
Suppose -6*f = 5*j - 2*f - 64, -5*j = f - 61. Suppose 27*l - 23*l - 4*q = 56, -3*l = -4*q - 44. Calculate the greatest common factor of j and l.
12
Suppose 0 = -5*o + 5*n + 45, 2*o - 5*n - 18 = 15. What is the highest common divisor of o and 16?
4
Suppose -4*p + 123 + 21 = 0. Suppose 3*h - 2*f - p = 0, -3*h + 36 = 6*f - 2*f. Let y be (-96 - 0)*(-3 - -2). Calculate the greatest common factor of h and y.
12
Let o(j) = 7*j**2 + 4*j. Let p be o(2). Suppose 6*m - 3*m = 72. What is the highest common factor of m and p?
12
Let i be 84*3/(-2)*-1. Suppose -130 = -2*f + i. Calculate the highest common divisor of f and 16.
16
Let g = 7 + 3. Let b = g - 5. Suppose -b*p + 2 = -23, 3*x + 5*p - 46 = 0. Calculate the greatest common factor of x and 7.
7
Let l(b) = 4*b - 6*b + 0*b - 12. Let m be l(-8). Suppose -t - 61 + 10 = -m*h, -5 = -t. What is the greatest common factor of 14 and h?
14
Suppose 3*r - 20 = 4. Calculate the highest common factor of r and 24.
8
Let d(m) = -m**3 + 9*m**2 - 1. Let r be d(5). What is the highest common divisor of 9 and r?
9
Let j(n) = n - 7. Let l be j(12). Suppose -3*i + w + 16 = -2*i, 0 = i - l*w - 4. What is the greatest common divisor of i and 133?
19
Suppose 0*p = 3*p + 4*m - 86, m - 49 = -2*p. What is the highest common factor of 55 and p?
11
Let x = -10 - -30. Suppose 2*r + 15 = 5*r. Suppose r*n + 10 = -v, -v - 3*v + 17 = n. What is the greatest common divisor of x and v?
5
Let s(k) = 3 + 4*k - k - 4*k. Let l be s(-4). Let r be (-312)/(-16) + 6/4. Calculate the greatest common divisor of r and l.
7
Suppose -5*y - 514 = -f + 2*f, -1931 = 4*f - 5*y. Let d be f/(-7) + 5/35. Calculate the highest common divisor of d and 14.
14
Let c(q) = 8*q - 3. Let k be c(6). Let i(l) = l**2 + 11*l + 4. Let r be i(-13). What is the highest common divisor of k and r?
15
Let x = -204 + 348. Suppose 3*g = -4*t + g + 192, -2*g = 3*t - x. Calculate the greatest common divisor of t and 24.
24
Let v = 59 - 35. What is the highest common factor of 24 and v?
24
Let d be (1 + -14)/((-16)/32) + 0. What is the highest common factor of d and 65?
13
Let w be -2 - (-4)/1*-58. Let y = -454 + 868. Let l = y + w. Calculate the greatest common factor of l and 18.
18
Let z(v) = -v**2 - 9*v + 6. Let t be z(-8). Calculate the greatest common divisor of 21 and t.
7
Suppose -6*o = -2*o + 2*p - 16, 2 = -o + p. Let y be 2*1/o*4. Suppose -3*a + 188 = -4*k, -2*a + 51 = -y*k - 77. Calculate the highest common factor of a and 24.
12
Let h = -2 - -6. Suppose -5*y + 4*s = -0*s - 365, 0 = -3*y + h*s + 211. Let p = 13 + -2. What is the highest common factor of y and p?
11
Suppose 0 = 5*d - 6*d + 2. Suppose -x - 4*w + 7 = -33, -d*w + 128 = 5*x. What is the highest common factor of x and 72?
24
Suppose -2*w + 20 = -18. Let u = w + -13. What is the greatest common factor of 3 and u?
3
Let v be 11 + -2 + -1 + 2. Let s = v - 1. What is the greatest common factor of s and 36?
9
Suppose -3*q - w + 2*w + 95 = 0, 0 = -5*w + 5. Suppose 4*x + 5 = 37. What is the greatest common divisor of x and q?
8
Let x = 4 - -1. Suppose 3*c + c = 20, -x*k + 20 = 5*c. Let j = k - -3. Calculate the greatest common divisor of j and 2.
2
Suppose -6*q + 469 = -467. Calculate the greatest common divisor of 104 and q.
52
Let o = -9 - -19. Calculate the greatest common factor of o and 4.
2
Let b = -138 + 144. What is the greatest common factor of b and 6?
6
Suppose 1 = 2*w - v - 10, 5*v = 4*w - 37. Calculate the highest common factor of w and 21.
3
Let t = 334 - 114. What is the highest common divisor of t and 22?
22
Let c(l) = 2*l**2 - 7*l + 1. Let w be c(5). Let o(u) = -u**2 + 40. Let k be o(0). Let r = w + k. Calculate the highest common factor of 8 and r.
8
Suppose -4*l + 14 = -l - 2*m, l - 4*m - 8 = 0. Calculate the greatest common factor of l and 4.
4
Let q be (12/9)/(6/9). Calculate the highest common factor of 18 and q.
2
Suppose 5*r - 68 = 3*s, -r + 0*s = 4*s - 32. What is the highest common divisor of r and 4?
4
Let b be 6/((2/60)/(5/15)). Calculate the highest common factor of b and 30.
30
Let p be 5 + -1 + -11 + 12. What is the highest common divisor of 15 and p?
5
Suppose 85 = -3*a + 571. Let s = 3 - 0. Suppose 7*h = s*h + 108. What is the greatest common factor of a and h?
27
Suppose 3*x = -0*x + 4*b + 184, -5*b = -3*x + 182. Let f(t) = -t + 2. Let u = 0 - 6. Let v be f(u). Calculate the highest common factor of v and x.
8
Suppose -5*c = 5*m - 35, 4*c - 12 = 4*m - 0*m. Suppose 2*i - 13 = i + m*n, -n + 1 = i. What is the greatest common divisor of 45 and i?
5
Suppose -273 - 87 = -5*i. Suppose -4*u = -o - 11, -2*o + 0*o + u + 13 = 0. What is the greatest common factor of i and o?
9
Suppose -4*d + 4*o = -0*d - 32, d - 3*o = 2. Calculate the greatest common factor of 55 and d.
11
Let i(h) = 8*h. Let k be i(1). Calculate the greatest common divisor of k and 20.
4
Let k = 213 - 114. Let u(j) = 6*j**2 + 1. Let a be u(1). Let n(s) = 2*s - 5. Let r be n(a). What is the greatest common divisor of k and r?
9
Let i be 6/288*6 + (-766)/(-16). Let h be 3/1*(-32)/(-6). Calculate the highest common factor of i and h.
16
Let u(a) = a**3 + 6*a**2 - 3*a + 3. Let d be u(-5). Let j = d - 26. Calculate the highest common factor of j and 153.
17
Let x(j) = 9*j + 48. Let s be x(-5). Calculate the highest common divisor of 33 and s.
3
Let s = 7 + 13.